
True
Is 36337877 a prime number?
True
Is 26530107 prime?
False
Is 9084214 prime?
False
Is 57089171 a composite number?
False
Is 270792757 composite?
False
Is 2862803 a prime number?
True
Is 17006317 a composite number?
True
Is 2556233 a composite number?
False
Is 2818729 prime?
True
Is 441908651 a prime number?
True
Is 224283701 composite?
False
Is 24074357 a composite number?
False
Is 4723529 a prime number?
False
Is 459607 a prime number?
True
Is 39667423 prime?
True
Is 15059203 a prime number?
True
Is 5194727 a prime number?
True
Is 3063629 prime?
True
Is 9406073 a composite number?
False
Is 131179003 composite?
False
Is 103094869 a composite number?
True
Is 32917282 prime?
False
Is 500338589 a prime number?
False
Is 4445653 composite?
True
Is 10191017 a prime number?
True
Is 1131437 composite?
False
Is 3055567 a composite number?
False
Is 178973 composite?
False
Is 61958681 prime?
False
Is 1974701 composite?
False
Is 24068539 composite?
True
Is 3794863 prime?
True
Is 5829077 a composite number?
True
Is 94348567 a composite number?
False
Is 26525011 a composite number?
True
Is 1319609 prime?
True
Is 2756833 a prime number?
False
Is 105699103 a prime number?
False
Is 8315689 composite?
False
Is 48940793 a composite number?
True
Is 17407153 prime?
True
Is 25783279 a composite number?
True
Is 5203997 composite?
False
Is 121523 prime?
True
Is 444214762 a composite number?
True
Is 980129 a composite number?
True
Is 6102359 a prime number?
False
Is 4004569 prime?
False
Is 154036807 a composite number?
True
Is 3153741 prime?
False
Is 39780877 a prime number?
True
Is 11912918 a composite number?
True
Is 3129146 a composite number?
True
Is 4799953 a composite number?
False
Is 34507945 a prime number?
False
Is 169258873 a composite number?
True
Is 78774281 composite?
False
Is 896911 prime?
False
Is 444523371 a composite number?
True
Is 34236185 a prime number?
False
Is 16079677 composite?
True
Is 823307 composite?
True
Is 166518499 a composite number?
True
Is 479037589 a composite number?
False
Is 146408033 a prime number?
True
Is 551651 a prime number?
True
Is 5509769 a prime number?
True
Is 20985409 prime?
True
Is 405449833 prime?
True
Is 5563111 composite?
True
Is 419906 composite?
True
Is 1150117453 composite?
True
Is 7927811 a prime number?
True
Is 597259 a composite number?
True
Is 3396553 prime?
False
Is 197522593 a prime number?
True
Is 1694299 a composite number?
True
Is 73790947 composite?
False
Is 3721855 prime?
False
Is 151997179 composite?
True
Is 2158019 composite?
False
Is 19898533 composite?
False
Is 6255061 a composite number?
False
Is 156457481 prime?
True
Is 23414537 prime?
True
Is 11265209 a prime number?
True
Is 18407041 prime?
True
Is 13491433 a composite number?
False
Is 32725621 a composite number?
False
Is 415634795 composite?
True
Is 72389 a prime number?
False
Is 3480374 a prime number?
False
Is 64047881 prime?
True
Is 2868091 prime?
False
Is 252946867 a composite number?
True
Is 189226403 a composite number?
False
Is 2401447 a prime number?
True
Is 25526107 composite?
False
Is 3507901 prime?
True
Is 16482671 composite?
True
Is 420265 prime?
False
Is 1447668661 a composite number?
True
Is 62963543 a composite number?
False
Is 479838063 composite?
True
Is 647293 composite?
False
Is 954190969 composite?
False
Is 814507 composite?
True
Is 57424889 a prime number?
True
Is 654323 a prime number?
True
Is 68900051 a composite number?
True
Is 29501 composite?
False
Is 247745881 composite?
False
Is 52412907 composite?
True
Is 12768226 a prime number?
False
Is 8478101 prime?
True
Is 19436209 a composite number?
True
Is 2692871 a composite number?
False
Is 252097669 a prime number?
False
Is 3236837 composite?
True
Is 8418611 composite?
True
Is 3137311 a prime number?
True
Is 32865323 a composite number?
True
Is 181628683 prime?
True
Is 13115717 prime?
True
Is 8207035 a prime number?
False
Is 873701 a prime number?
False
Is 4081657 composite?
False
Is 1929635 a composite number?
True
Is 91587 a prime number?
False
Is 53238595 composite?
True
Is 14583011 a prime number?
False
Is 5761873 a prime number?
False
Is 1786539 a prime number?
False
Is 5668331 prime?
False
Is 70995787 a prime number?
True
Is 2567343 a composite number?
True
Is 3787423 a prime number?
False
Is 9619747 composite?
False
Is 49026097 composite?
True
Is 3655103 a composite number?
False
Is 4665371 prime?
False
Is 45988687 composite?
False
Is 842776849 prime?
True
Is 30373631 prime?
False
Is 1170601 a composite number?
True
Is 44563819 a prime number?
True
Is 6686749 prime?
False
Is 16933373 composite?
False
Is 769453 prime?
True
Is 414761131 prime?
False
Is 17447813 a prime number?
True
Is 17944723 a prime number?
False
Is 5715971 prime?
False
Is 66519461 composite?
False
Is 209380861 composite?
False
Is 457183 a prime number?
True
Is 143398663 prime?
False
Is 1292149 a composite number?
False
Is 44597359 a composite number?
False
Is 9552337 prime?
False
Is 12497263 composite?
False
Is 5054939 composite?
False
Is 51645661 a composite number?
False
Is 5269283 a composite number?
False
Is 91429651 prime?
True
Is 10520857 a prime number?
True
Is 65239 prime?
True
Is 1298537 composite?
False
Is 1073394565 a composite number?
True
Is 117527147 composite?
True
Is 128273879 prime?
True
Is 6272333 a prime number?
True
Is 79672867 composite?
False
Is 96619 a prime number?
False
Is 1285679 composite?
False
Is 902651663 a prime number?
True
Is 117291431 prime?
True
Is 1002335 a composite number?
True
Is 58235477 a prime number?
False
Is 64683599 a prime number?
True
Is 80384099 a prime number?
True
Is 4321993 composite?
True
Is 45487118 a prime number?
False
Is 6044303 a prime number?
False
Is 227896183 composite?
True
Is 1858529 composite?
False
Is 678347 a composite number?
True
Is 14347913 a composite number?
True
Is 108907567 a prime number?
True
Is 5957047 a composite number?
False
Is 845377891 a composite number?
False
Is 4345057 composite?
True
Is 1681671547 a prime number?
False
Is 2480441 prime?
True
Is 9182429 prime?
False
Is 186177055 a prime number?
False
Is 1901621 prime?
False
Is 894005107 a composite number?
False
Is 8390959 prime?
True
Is 60583433 prime?
True
Is 154638149 prime?
True
Is 2775943 composite?
False
Is 6436129 composite?
True
Is 20962381 a composite number?
True
Is 48054679 composite?
True
Is 1925171 prime?
True
Is 92083037 a prime number?
True
Is 10006481 composite?
False
Is 118278799 prime?
True
Is 1759249 a prime number?
True
Is 287273431 a prime number?
True
Is 95179349 prime?
True
Is 12311311 a composite number?
False
Is 6671099 a prime number?
True
Is 72343259 a composite number?
True
Is 9776521 composite?
False
Is 911503 composite?
False
Is 169466389 composite?
True
Is 53707997 composite?
True
Is 156712343 composite?
False
Is 14989738 a prime number?
False
Is 1006890143 composite?
True
Is 23156591 a composite number?
False
Is 619051 composite?
True
Is 3609127 prime?
False
Is 147677333 prime?
True
Is 13661381 a composite number?
True
Is 1464787 a composite number?
False
Is 6419407 a composite number?
False
Is 557088823 composite?
False
Is 331641418 a prime number?
False
Is 91070867 prime?
True
Is 5324521 a prime number?
False
Is 85268327 a composite number?
False
Is 3345469 prime?
False
Is 1547695 a prime number?
False
Is 29743979 a composite number?
True
Is 70753 a prime number?
True
Is 182872901 prime?
True
Is 11371817 a prime number?
True
Is 366095495 prime?
False
Is 26382199 composite?
True
Is 156555419 composite?
False
Is 10473779 prime?
True
Is 37321331 composite?
True
Is 883171 a prime number?
False
Is 17339639 a prime number?
False
Is 89065793 composite?
True
Is 1325393 composite?
True
Is 271658423 prime?
True
Is 10436543 composite?
True
Is 20184743 prime?
False
Is 536561 a composite number?
False
Is 6802667 prime?
True
Is 66252193 a prime number?
False
Is 1691123 a composite number?
True
Is 15868199 prime?
True
Is 70673 a composite number?
True
Is 53578957 a composite number?
False
Is 62048473 a composite number?
True
Is 49440421 a prime number?
False
Is 1522933 a prime number?
True
Is 25530314 composite?
True
Is 6611333 a prime number?
False
Is 203453669 prime?
True
Is 4047221 prime?
False
Is 76234801 composite?
False
Is 212665 c